{"id":4587,"date":"2023-11-28T13:19:36","date_gmt":"2023-11-28T13:19:36","guid":{"rendered":"https:\/\/wbcsdpublications.org\/scf\/?page_id=4587"},"modified":"2023-11-28T13:19:39","modified_gmt":"2023-11-28T13:19:39","slug":"engajamento-de-stakeholders","status":"publish","type":"page","link":"https:\/\/wbcsdpublications.org\/scf\/pt\/relatorio-homepage-pt\/grupos-de-trabalho-scf\/engajamento-de-stakeholders\/","title":{"rendered":"Engajamento de Stakeholders"},"content":{"rendered":"<p>[et_pb_section fb_built=&#8221;1&#8243; admin_label=&#8221;header&#8221; _builder_version=&#8221;4.16&#8243; _module_preset=&#8221;default&#8221; background_image=&#8221;https:\/\/wbcsdpublications.org\/scf\/wp-content\/uploads\/2021\/06\/Engage-stakeholders-bg1.jpg&#8221; z_index=&#8221;0&#8243; min_height=&#8221;440px&#8221; overflow-x=&#8221;hidden&#8221; overflow-y=&#8221;hidden&#8221; custom_margin=&#8221;168px||||false|false&#8221; custom_padding=&#8221;80px||0px||false|false&#8221; locked=&#8221;off&#8221; global_colors_info=&#8221;{}&#8221;][et_pb_row column_structure=&#8221;1_5,3_5,1_5&#8243; make_equal=&#8221;on&#8221; admin_label=&#8221;Row&#8221; _builder_version=&#8221;4.16&#8243; _module_preset=&#8221;default&#8221; min_height=&#8221;236px&#8221; custom_margin=&#8221;||||false|false&#8221; custom_padding=&#8221;||0px||false|false&#8221; global_colors_info=&#8221;{}&#8221;][et_pb_column type=&#8221;1_5&#8243; _builder_version=&#8221;4.16&#8243; _module_preset=&#8221;default&#8221; background_enable_image=&#8221;off&#8221; background_size=&#8221;contain&#8221; overflow-x=&#8221;visible&#8221; overflow-y=&#8221;visible&#8221; custom_padding=&#8221;|0px||0px|false|true&#8221; custom_padding_tablet=&#8221;|5%||5%|false|true&#8221; custom_padding_phone=&#8221;|0%||0%|false|true&#8221; custom_padding_last_edited=&#8221;on|phone&#8221; global_colors_info=&#8221;{}&#8221;][\/et_pb_column][et_pb_column type=&#8221;3_5&#8243; _builder_version=&#8221;4.16&#8243; _module_preset=&#8221;default&#8221; background_enable_image=&#8221;off&#8221; background_size=&#8221;contain&#8221; overflow-x=&#8221;visible&#8221; overflow-y=&#8221;visible&#8221; custom_padding=&#8221;44px|0px||0px|false|true&#8221; custom_padding_tablet=&#8221;|5%||5%|false|true&#8221; custom_padding_phone=&#8221;|0%||0%|false|true&#8221; custom_padding_last_edited=&#8221;on|phone&#8221; custom_css_main_element=&#8221;display:flex;||align-items: center&#8221; global_colors_info=&#8221;{}&#8221;][et_pb_image src=&#8221;https:\/\/wbcsdpublications.org\/scf\/wp-content\/uploads\/2023\/08\/circle-olive.png&#8221; title_text=&#8221;circle-olive&#8221; _builder_version=&#8221;4.16&#8243; _module_preset=&#8221;default&#8221; positioning=&#8221;absolute&#8221; position_origin_a=&#8221;bottom_center&#8221; vertical_offset=&#8221;-201px&#8221; horizontal_offset=&#8221;-31px&#8221; vertical_offset_tablet=&#8221;-254px&#8221; vertical_offset_phone=&#8221;&#8221; vertical_offset_last_edited=&#8221;on|tablet&#8221; position_origin_a_tablet=&#8221;&#8221; position_origin_a_phone=&#8221;center_left&#8221; position_origin_a_last_edited=&#8221;on|phone&#8221; position_origin_f_tablet=&#8221;&#8221; position_origin_f_phone=&#8221;&#8221; position_origin_f_last_edited=&#8221;on|phone&#8221; position_origin_r_tablet=&#8221;&#8221; position_origin_r_phone=&#8221;&#8221; position_origin_r_last_edited=&#8221;on|phone&#8221; width=&#8221;500px&#8221; width_tablet=&#8221;82%&#8221; width_phone=&#8221;550px&#8221; width_last_edited=&#8221;on|phone&#8221; positioning_tablet=&#8221;&#8221; positioning_phone=&#8221;&#8221; positioning_last_edited=&#8221;on|phone&#8221; global_colors_info=&#8221;{}&#8221;][\/et_pb_image][et_pb_text _builder_version=&#8221;4.16&#8243; _dynamic_attributes=&#8221;content&#8221; _module_preset=&#8221;default&#8221; text_font=&#8221;||||||||&#8221; text_text_color=&#8221;#FFFFFF&#8221; text_font_size=&#8221;3em&#8221; text_line_height=&#8221;1.2em&#8221; text_orientation=&#8221;center&#8221; width=&#8221;68%&#8221; width_tablet=&#8221;100%&#8221; width_phone=&#8221;90%&#8221; width_last_edited=&#8221;on|phone&#8221; module_alignment=&#8221;center&#8221; custom_margin=&#8221;|auto||auto|false|true&#8221; custom_padding=&#8221;||2px||false|false&#8221; text_font_size_tablet=&#8221;2.5em&#8221; text_font_size_phone=&#8221;2.2em&#8221; text_font_size_last_edited=&#8221;on|phone&#8221; header_font_size_tablet=&#8221;34px&#8221; header_font_size_phone=&#8221;28px&#8221; global_colors_info=&#8221;{}&#8221;]@ET-DC@eyJkeW5hbWljIjp0cnVlLCJjb250ZW50IjoicG9zdF90aXRsZSIsInNldHRpbmdzIjp7ImJlZm9yZSI6IiIsImFmdGVyIjoiIn19@[\/et_pb_text][\/et_pb_column][et_pb_column type=&#8221;1_5&#8243; _builder_version=&#8221;4.16&#8243; _module_preset=&#8221;default&#8221; background_enable_image=&#8221;off&#8221; background_size=&#8221;contain&#8221; overflow-x=&#8221;visible&#8221; overflow-y=&#8221;visible&#8221; custom_padding=&#8221;|0px||0px|false|true&#8221; custom_padding_tablet=&#8221;|5%||5%|false|true&#8221; custom_padding_phone=&#8221;|0%||0%|false|true&#8221; custom_padding_last_edited=&#8221;on|phone&#8221; global_colors_info=&#8221;{}&#8221;][\/et_pb_column][\/et_pb_row][\/et_pb_section][et_pb_section fb_built=&#8221;1&#8243; _builder_version=&#8221;4.16&#8243; _module_preset=&#8221;default&#8221; background_color=&#8221;#F8F8F8&#8243; z_index=&#8221;1000&#8243; min_height=&#8221;400px&#8221; overflow-x=&#8221;visible&#8221; overflow-y=&#8221;visible&#8221; custom_padding=&#8221;0px||34px||false|false&#8221; global_colors_info=&#8221;{}&#8221;][et_pb_row column_structure=&#8221;2_3,1_3&#8243; use_custom_gutter=&#8221;on&#8221; gutter_width=&#8221;2&#8243; make_equal=&#8221;on&#8221; _builder_version=&#8221;4.16&#8243; _module_preset=&#8221;default&#8221; width_tablet=&#8221;82%&#8221; width_phone=&#8221;&#8221; width_last_edited=&#8221;on|tablet&#8221; module_alignment=&#8221;center&#8221; min_height=&#8221;400px&#8221; custom_margin=&#8221;|auto|-47px|auto|false|false&#8221; custom_padding=&#8221;||0px||false|false&#8221; global_colors_info=&#8221;{}&#8221;][et_pb_column type=&#8221;2_3&#8243; _builder_version=&#8221;4.16&#8243; _module_preset=&#8221;default&#8221; global_colors_info=&#8221;{}&#8221;][et_pb_text _builder_version=&#8221;4.16&#8243; _module_preset=&#8221;default&#8221; custom_margin=&#8221;67px||25px|||&#8221; global_colors_info=&#8221;{}&#8221;]<\/p>\n<h2 style=\"text-align: left;\"><span style=\"color: #000000;\">Por que fazemos isso?<\/span><\/h2>\n<p><span style=\"color: #000000;\">\u00a0<\/span><\/p>\n<p><span style=\"color: #000000;\">Engajamento de stakeholders \u00e9 nosso fluxo de trabalho com alcance externo. Ele garante a transpar\u00eancia, o di\u00e1logo e a colabora\u00e7\u00e3o com stakeholders externos. O SCF engaja stakeholders externos para dois objetivos principais: <\/span><\/p>\n<p><span style=\"color: #000000;\">\u2192 Construir coaliz\u00f5es fortes para uma agenda DCF; e <\/span><\/p>\n<p><span style=\"color: #000000;\">\u2192 Alavancar investimentos em paisagens por meio de financiamento florestal e parcerias p\u00fablico-privadas.<\/span><span style=\"color: #2a2825;\"><span><\/span><\/span><\/p>\n<p>[\/et_pb_text][\/et_pb_column][et_pb_column type=&#8221;1_3&#8243; _builder_version=&#8221;4.16&#8243; _module_preset=&#8221;default&#8221; custom_css_main_element=&#8221;display:flex;||align-items:center;||justify-content:center;&#8221; global_colors_info=&#8221;{}&#8221;][et_pb_image src=&#8221;https:\/\/wbcsdpublications.org\/scf\/wp-content\/uploads\/2021\/06\/engage-sh-static.png&#8221; alt=&#8221;Engage Stakeholders static&#8221; title_text=&#8221;Engage Stakeholders static&#8221; align=&#8221;center&#8221; _builder_version=&#8221;4.16&#8243; _module_preset=&#8221;default&#8221; width=&#8221;68%&#8221; width_tablet=&#8221;49%&#8221; width_phone=&#8221;&#8221; width_last_edited=&#8221;on|tablet&#8221; module_alignment=&#8221;center&#8221; custom_margin=&#8221;auto||auto||true|false&#8221; global_colors_info=&#8221;{}&#8221; src__hover_enabled=&#8221;on|desktop&#8221; src__hover=&#8221;https:\/\/wbcsdpublications.org\/scf\/wp-content\/uploads\/2021\/06\/engage-stakeholders-tr.gif&#8221;][\/et_pb_image][\/et_pb_column][\/et_pb_row][\/et_pb_section][et_pb_section fb_built=&#8221;1&#8243; module_id=&#8221;focus&#8221; _builder_version=&#8221;4.16&#8243; _module_preset=&#8221;default&#8221; min_height=&#8221;2088.9px&#8221; custom_padding=&#8221;32px||4px|||&#8221; global_colors_info=&#8221;{}&#8221;][et_pb_row _builder_version=&#8221;4.16&#8243; _module_preset=&#8221;default&#8221; custom_padding=&#8221;||1px|||&#8221; global_colors_info=&#8221;{}&#8221;][et_pb_column type=&#8221;4_4&#8243; _builder_version=&#8221;4.16&#8243; _module_preset=&#8221;default&#8221; global_colors_info=&#8221;{}&#8221;][et_pb_text admin_label=&#8221;Text&#8221; _builder_version=&#8221;4.23.1&#8243; _module_preset=&#8221;default&#8221; text_font=&#8221;||||||||&#8221; text_font_size=&#8221;22px&#8221; text_orientation=&#8221;center&#8221; global_colors_info=&#8221;{}&#8221;]<\/p>\n<h2 style=\"text-align: left;\"><span style=\"color: #61704b;\">Onde estamos<\/span><\/h2>\n<p>[\/et_pb_text][\/et_pb_column][\/et_pb_row][et_pb_row use_custom_gutter=&#8221;on&#8221; gutter_width=&#8221;2&#8243; make_equal=&#8221;on&#8221; _builder_version=&#8221;4.23.1&#8243; _module_preset=&#8221;default&#8221; width_tablet=&#8221;82%&#8221; width_phone=&#8221;&#8221; width_last_edited=&#8221;on|tablet&#8221; module_alignment=&#8221;center&#8221; min_height=&#8221;241px&#8221; custom_margin=&#8221;-8px|auto|0px|auto|false|false&#8221; custom_padding=&#8221;0px||0px||false|false&#8221; global_colors_info=&#8221;{}&#8221;][et_pb_column type=&#8221;4_4&#8243; _builder_version=&#8221;4.16&#8243; _module_preset=&#8221;default&#8221; global_colors_info=&#8221;{}&#8221;][et_pb_text _builder_version=&#8221;4.23.1&#8243; _module_preset=&#8221;default&#8221; min_height=&#8221;214px&#8221; custom_margin=&#8221;||||false|false&#8221; custom_padding=&#8221;20px|55px|0px|||&#8221; custom_padding_tablet=&#8221;0px|0px|56px||false|false&#8221; custom_padding_phone=&#8221;&#8221; custom_padding_last_edited=&#8221;on|tablet&#8221; text_orientation_tablet=&#8221;center&#8221; text_orientation_phone=&#8221;&#8221; text_orientation_last_edited=&#8221;on|tablet&#8221; global_colors_info=&#8221;{}&#8221;]<\/p>\n<h4><span style=\"color: #61704b;\"><strong>Estruturando coaliz\u00f5es para produ\u00e7\u00e3o livre de convers\u00e3o e desmatamento com produtores, conselheiros e parceiros da cadeia de suprimentos<\/strong><\/span><\/h4>\n<p><span style=\"color: #000000;\"><strong>Engajamento de Produtores<\/strong><\/span><\/p>\n<p><span style=\"color: #000000;\">Os membros do SCF conectam o fornecimento de soja com os mercados globais por meio de sua ampla rede de produtores. Um dos principais ativos da iniciativa Produtores em Foco (FFC) \u00e9 a capacidade do programa de acessar o grupo de produtores que os membros do SCF fornecem como um par\u00e2metro-chave para escalabilidade. Essencial para a implementa\u00e7\u00e3o e sucesso do FFC \u00e9 a mobiliza\u00e7\u00e3o dos produtores, conscientizando sobre o papel que os incentivos financeiros da iniciativa podem desempenhar no apoio \u00e0 gest\u00e3o sustent\u00e1vel da terra.<\/span><\/p>\n<p><span style=\"color: #000000;\"><strong>Um Grupo Consultivo Renovado<\/strong><\/span><\/p>\n<p><span style=\"color: #000000;\">Para orientar efetivamente a estrat\u00e9gia do SCF, \u00e9 necess\u00e1rio um amplo espectro de expertise abrangendo \u00e1reas como contabilidade de carbono, engajamento de produtores e abordagens de financiamento para paisagens. Como resultado, o SCF expandiu seu Grupo Consultivo para incluir indiv\u00edduos que trazem essas perspectivas diversas para o processo de tomada de decis\u00e3o.<\/span><\/p>\n<p><span style=\"color: #000000;\">O Grupo Consultivo desempenha um papel crucial em nos manter alinhados com os objetivos de sustentabilidade mais importantes dentro de nossa ind\u00fastria e nossos limites definidos. Eles tamb\u00e9m garantem que nossos padr\u00f5es e m\u00e9todos sejam reconhecidos por uma ampla gama de stakeholders. Seu apoio ser\u00e1 essencial para consolidar ainda mais o caso de neg\u00f3cios para a iniciativa FFC e execut\u00e1-la eficazmente.<\/span><\/p>\n<p><span style=\"color: #000000;\">Composi\u00e7\u00e3o do Grupo Consultivo:<\/span><\/p>\n<p><span style=\"color: #000000;\">\u2192 Jo\u00e3o Adrien, Consultor T\u00e9cnico na Sociedade Rural Brasileira<\/span><br \/><span style=\"color: #000000;\">\u2192 Petra Ascher, Diretora do Projeto Agrichains Brasil &#8211; GIZ<\/span><br \/><span style=\"color: #000000;\">\u2192 Thomas Blackburn, Diretor de Desenvolvimento de Neg\u00f3cios na SustainCert<\/span><br \/><span style=\"color: #000000;\">\u2192 Petra Tanos, Head de Engajamento com o Setor Privado na Tropical Forest Alliance<\/span><\/p>\n<p>[\/et_pb_text][\/et_pb_column][\/et_pb_row][et_pb_row column_structure=&#8221;1_2,1_2&#8243; _builder_version=&#8221;4.23.1&#8243; _module_preset=&#8221;default&#8221; global_colors_info=&#8221;{}&#8221;][et_pb_column type=&#8221;1_2&#8243; _builder_version=&#8221;4.23.1&#8243; _module_preset=&#8221;default&#8221; global_colors_info=&#8221;{}&#8221;][et_pb_image src=&#8221;https:\/\/wbcsdpublications.org\/scf\/wp-content\/uploads\/2023\/11\/GettyImages-1094639392-2-scaled.jpg&#8221; title_text=&#8221;Hands on Soybean Plant&#8221; _builder_version=&#8221;4.23.1&#8243; _module_preset=&#8221;default&#8221; global_colors_info=&#8221;{}&#8221;][\/et_pb_image][\/et_pb_column][et_pb_column type=&#8221;1_2&#8243; _builder_version=&#8221;4.23.1&#8243; _module_preset=&#8221;default&#8221; global_colors_info=&#8221;{}&#8221;][et_pb_text _builder_version=&#8221;4.23.1&#8243; _module_preset=&#8221;default&#8221; global_colors_info=&#8221;{}&#8221;]<\/p>\n<p><strong><span style=\"color: #61704b;\">Engajamento CGF-SCF<\/span><\/strong><\/p>\n<p><span style=\"color: #000000;\">A Coaliz\u00e3o Forest Positive (FPC) do Consumer Goods Forum (CGF) e o SCF compartilham a responsabilidade de apoiar a transforma\u00e7\u00e3o da cadeia de suprimentos em paisagens de produ\u00e7\u00e3o de commodities. Para abordar essa responsabilidade, o SCF colabora com o CGF em iniciativas de paisagem em \u00e1reas de alto risco no Cerrado, conforme descrito no Quadro 2 abaixo. Juntos, concentramos investimentos em regi\u00f5es onde solu\u00e7\u00f5es m\u00fatuas s\u00e3o implementadas para promover pr\u00e1ticas e resultados positivos para a floresta a n\u00edvel local.<\/span><\/p>\n<p><span style=\"color: #000000;\">Colaborativamente, os investimentos do SCF e do CGF em paisagens priorit\u00e1rias resultaram no desenvolvimento de um quadro de Monitoramento e Avalia\u00e7\u00e3o compartilhado. Olhando para o futuro em 2024, esta parceria visa estabelecer m\u00e9todos padronizados para quantificar o financiamento de paisagens e monitorar o impacto coletivo das interven\u00e7\u00f5es com mecanismos de relat\u00f3rio compartilhados.<\/span><\/p>\n<p><span style=\"color: #000000;\">Ao longo de 2022 e 2023, o CGF tamb\u00e9m consultou o SCF sobre a identifica\u00e7\u00e3o de fatores de risco de desmatamento e convers\u00e3o para avaliar a viabilidade da implementa\u00e7\u00e3o de cadeias de suprimentos DCF. Durante esta consulta, o SCF encorajou os membros individuais do CGF a se envolverem de forma independente com as solicita\u00e7\u00f5es relevantes dos clientes a esse respeito.<\/span><\/p>\n<p>\u201cEm 2022, a FPC e a SCF trabalharam juntas para estabelecer um quadro comum de monitoramento e avalia\u00e7\u00e3o. Este quadro serve como instrumento vital para medir o impacto das interven\u00e7\u00f5es na paisagem e identificar os munic\u00edpios que demandam nossa aten\u00e7\u00e3o coletiva. Al\u00e9m disso, a FPC ingressou no Landscapes Council, uma plataforma centralizada que une a SCF e parceiros implementadores comuns. Atrav\u00e9s dessa alian\u00e7a, nosso objetivo \u00e9 promover colabora\u00e7\u00f5es e direcionar investimentos coletivos para paisagens de produ\u00e7\u00e3o sustent\u00e1vel.\u201d<\/p>\n<p><span style=\"color: #000000;\"><strong>Aur\u00e9lie Oberti<\/strong> &#8211; Membra do Soy Working Group no Consumer Goods Forum\u2019s Forest Positive Coalition e L\u00edder Global de Sustentabilidade (Gr\u00e3os, Floresta e Terra) na Mars Petcare<\/span><\/p>\n<p>[\/et_pb_text][\/et_pb_column][\/et_pb_row][et_pb_row _builder_version=&#8221;4.23.1&#8243; _module_preset=&#8221;default&#8221; global_colors_info=&#8221;{}&#8221;][et_pb_column type=&#8221;4_4&#8243; _builder_version=&#8221;4.23.1&#8243; _module_preset=&#8221;default&#8221; global_colors_info=&#8221;{}&#8221;][et_pb_image src=&#8221;https:\/\/wbcsdpublications.org\/scf\/wp-content\/uploads\/2023\/11\/Screenshot-252.png&#8221; title_text=&#8221;Screenshot (252)&#8221; _builder_version=&#8221;4.23.1&#8243; _module_preset=&#8221;default&#8221; global_colors_info=&#8221;{}&#8221;][\/et_pb_image][\/et_pb_column][\/et_pb_row][et_pb_row column_structure=&#8221;2_5,3_5&#8243; _builder_version=&#8221;4.16&#8243; _module_preset=&#8221;default&#8221; min_height=&#8221;538.8px&#8221; custom_padding=&#8221;19px|||||&#8221; global_colors_info=&#8221;{}&#8221;][et_pb_column type=&#8221;2_5&#8243; _builder_version=&#8221;4.16&#8243; _module_preset=&#8221;default&#8221; global_colors_info=&#8221;{}&#8221;][et_pb_text _builder_version=&#8221;4.23.1&#8243; _module_preset=&#8221;default&#8221; global_colors_info=&#8221;{}&#8221;]<\/p>\n<p><span style=\"color: #61704b;\"><strong>Forest finance and public-private partnerships: paths to scaling the Farmer First Clusters initiative Finan\u00e7as Florestais e Parcerias P\u00fablico-Privadas: Caminhos para Ampliar a Iniciativa Produtores em Foco<\/strong><\/span><\/p>\n<p><span style=\"color: #000000;\"><strong>Colabora\u00e7\u00e3o com o Forest Investor Club<\/strong><\/span><\/p>\n<p><span style=\"color: #000000;\">O SCF est\u00e1 colaborando com o<a href=\"https:\/\/www.wbcsd.org\/Focus-Areas\/Forest-Investor-Club\">\u00a0Forest Investor Club<\/a> para avaliar e desenvolver estrat\u00e9gias de apoio ao financiamento de longo prazo da iniciativa Produtores em Foco. Lan\u00e7ado pelo Departamento de Estado dos EUA e liderado pelo WBCSD como Secretariado, o FIC \u00e9 uma rede global de investidores do setor privado e p\u00fablico l\u00edderes comprometidos em acelerar o investimento em florestas e solu\u00e7\u00f5es baseadas na natureza. Reconhecendo a necessidade de expandir a iniciativa Produtores em Foco al\u00e9m de seu piloto inicial de US$ 7,2 milh\u00f5es e garantir que ela possa ser financeiramente autossustent\u00e1vel, ao mesmo tempo em que cria uma nova oportunidade para atender \u00e0 demanda dos investidores, o FIC est\u00e1 ajudando a identificar potenciais impulsionadores de receita, estruturas financeiras e a economia geral do programa como parte de um estudo inicial que avalia o \u201cCaso de Investimento para a iniciativa Produtores em Foco\u201d.<\/span><\/p>\n<p><span style=\"color: #000000;\"><strong><\/strong><\/span><\/p>\n<p>[\/et_pb_text][\/et_pb_column][et_pb_column type=&#8221;3_5&#8243; _builder_version=&#8221;4.16&#8243; _module_preset=&#8221;default&#8221; global_colors_info=&#8221;{}&#8221;][et_pb_image src=&#8221;https:\/\/wbcsdpublications.org\/scf\/wp-content\/uploads\/2023\/11\/GettyImages-1271013792-scaled.jpg&#8221; title_text=&#8221;Man throwing soybeans into the air&#8221; _builder_version=&#8221;4.23.1&#8243; _module_preset=&#8221;default&#8221; global_colors_info=&#8221;{}&#8221;][\/et_pb_image][\/et_pb_column][\/et_pb_row][et_pb_row _builder_version=&#8221;4.23.1&#8243; _module_preset=&#8221;default&#8221; global_colors_info=&#8221;{}&#8221;][et_pb_column type=&#8221;4_4&#8243; _builder_version=&#8221;4.23.1&#8243; _module_preset=&#8221;default&#8221; global_colors_info=&#8221;{}&#8221;][et_pb_text _builder_version=&#8221;4.23.1&#8243; _module_preset=&#8221;default&#8221; global_colors_info=&#8221;{}&#8221;]<\/p>\n<p><span style=\"color: #000000;\"><strong>Parcerias P\u00fablico-Privadas<\/strong><\/span><\/p>\n<p><a href=\"https:\/\/www.folur.org\/\">O Programa de Impacto em Sistemas Alimentares, Uso da Terra e Restaura\u00e7\u00e3o (FOLUR)<\/a>, de US$ 345 milh\u00f5es, liderado pelo Banco Mundial, visa transformar sistemas alimentares e uso da terra em 27 pa\u00edses, incluindo o Brasil. Em 2023-24, o SCF e o FOLUR ir\u00e3o avaliar a sinergia entre a iniciativa Produtores em Foco e o programa FOLUR no Brasil. Uma an\u00e1lise comparativa de suas geografias, sistemas de monitoramento e avalia\u00e7\u00e3o, princ\u00edpios de escalabilidade, investimentos e governan\u00e7a revelar\u00e1 sinergias potenciais.<\/p>\n<p>Em 2023, o SCF expandiu significativamente suas atividades de engajamento de partes interessadas para ampliar a iniciativa Produtores em Foco, como exemplificado por suas intera\u00e7\u00f5es com o governo do Reino Unido e a <a href=\"https:\/\/www.foodactionalliance.org\/our-work\">Food Action Alliance (FAA)<\/a>, uma plataforma multi-stakeholder do F\u00f3rum Econ\u00f4mico Mundial. A FAA <a href=\"https:\/\/www.wbcsd.org\/Programs\/Food-and-Nature\/Food-Land-Use\/Soft-Commodities-Forum\/Resources\/Soft-Commodities-Forum-June-2023-update\/Food-Action-Alliance-selects-the-Farmer-First-Clusters-as-a-flagship-initiative\">selecionou a iniciativa Produtores em Foco como um projeto emblem\u00e1tico para investimento para promover sistemas alimentares sustent\u00e1veis no Brasil<\/a>. Al\u00e9m disso, <a href=\"https:\/\/www.wbcsd.org\/Overview\/News-Insights\/WBCSD-insights\/The-Soft-Commodities-Forum-s-Farmer-First-Clusters-explores-deforestation-free-production-transition-with-the-UK-Government\">o SCF recebeu representantes do governo do Reino Unido em uma viagem de campo ao Oeste da Bahia<\/a> para explorar desafios e oportunidades relacionados \u00e0 produ\u00e7\u00e3o sustent\u00e1vel no Cerrado.<\/p>\n<p>[\/et_pb_text][\/et_pb_column][\/et_pb_row][\/et_pb_section][et_pb_section fb_built=&#8221;1&#8243; _builder_version=&#8221;4.16&#8243; _module_preset=&#8221;default&#8221; background_color=&#8221;#F8F8F8&#8243; min_height=&#8221;595.6px&#8221; custom_margin=&#8221;||-54px||false|false&#8221; custom_padding=&#8221;0px||70px||false|false&#8221; global_colors_info=&#8221;{}&#8221;][et_pb_row column_structure=&#8221;2_3,1_3&#8243; _builder_version=&#8221;4.16&#8243; _module_preset=&#8221;default&#8221; min_height=&#8221;564.6px&#8221; custom_margin=&#8221;|auto|10px|auto||&#8221; custom_padding=&#8221;||0px|||&#8221; global_colors_info=&#8221;{}&#8221;][et_pb_column type=&#8221;2_3&#8243; _builder_version=&#8221;4.16&#8243; _module_preset=&#8221;default&#8221; global_colors_info=&#8221;{}&#8221;][et_pb_text _builder_version=&#8221;4.16&#8243; _module_preset=&#8221;default&#8221; header_3_text_color=&#8221;#61704b&#8221; custom_padding=&#8221;23px|||||&#8221; locked=&#8221;off&#8221; global_colors_info=&#8221;{}&#8221;]<\/p>\n<h3>Proximos passos<\/h3>\n<p>[\/et_pb_text][et_pb_blurb title=&#8221;Em junho de 2024, o SCF anunciar\u00e1 uma estrat\u00e9gia de investimento conjunta em paisagens priorit\u00e1rias do Cerrado com o CGF FPC. &#8221; use_icon=&#8221;on&#8221; font_icon=&#8221;&#xe0ed;||divi||400&#8243; icon_color=&#8221;#f8781e&#8221; icon_placement=&#8221;left&#8221; content_max_width=&#8221;100%&#8221; _builder_version=&#8221;4.16&#8243; _module_preset=&#8221;default&#8221; header_font=&#8221;|300|||||||&#8221; header_text_color=&#8221;#f8781e&#8221; header_font_size=&#8221;23px&#8221; header_line_height=&#8221;1.7em&#8221; min_height=&#8221;28px&#8221; custom_margin=&#8221;||-2px|||&#8221; locked=&#8221;off&#8221; global_colors_info=&#8221;{}&#8221;][\/et_pb_blurb][et_pb_blurb title=&#8221;Uma an\u00e1lise comparativa do escopo geogr\u00e1fico, sistemas de monitoramento e avalia\u00e7\u00e3o, princ\u00edpios de escalabilidade, investimentoscoletivos e governan\u00e7a ser\u00e1 desenvolvida para<br \/>\nidentificar sinergias potenciais.&#8221; use_icon=&#8221;on&#8221; font_icon=&#8221;&#x2a;||divi||400&#8243; icon_color=&#8221;#f8781e&#8221; icon_placement=&#8221;left&#8221; content_max_width=&#8221;100%&#8221; _builder_version=&#8221;4.16&#8243; _module_preset=&#8221;default&#8221; header_font=&#8221;|300|||||||&#8221; header_text_color=&#8221;#f8781e&#8221; header_font_size=&#8221;23px&#8221; header_line_height=&#8221;1.7em&#8221; min_height=&#8221;28px&#8221; custom_margin=&#8221;||-2px|||&#8221; locked=&#8221;off&#8221; global_colors_info=&#8221;{}&#8221;][\/et_pb_blurb][\/et_pb_column][et_pb_column type=&#8221;1_3&#8243; _builder_version=&#8221;4.16&#8243; _module_preset=&#8221;default&#8221; global_colors_info=&#8221;{}&#8221;][\/et_pb_column][\/et_pb_row][\/et_pb_section]<\/p>\n","protected":false},"excerpt":{"rendered":"<p>Por que fazemos isso? \u00a0 Engajamento de stakeholders \u00e9 nosso fluxo de trabalho com alcance externo. Ele garante a transpar\u00eancia, o di\u00e1logo e a colabora\u00e7\u00e3o com stakeholders externos. O SCF engaja stakeholders externos para dois objetivos principais: \u2192 Construir coaliz\u00f5es fortes para uma agenda DCF; e \u2192 Alavancar investimentos em paisagens por meio de financiamento [&hellip;]<\/p>\n","protected":false},"author":8,"featured_media":0,"parent":4861,"menu_order":2,"comment_status":"closed","ping_status":"closed","template":"","meta":{"_et_pb_use_builder":"on","_et_pb_old_content":"","_et_gb_content_width":"","mapsvg_location":"","footnotes":""},"class_list":["post-4587","page","type-page","status-publish","hentry"],"lang":"pt","translations":{"pt":4587},"pll_sync_post":[],"_links":{"self":[{"href":"https:\/\/wbcsdpublications.org\/scf\/wp-json\/wp\/v2\/pages\/4587","targetHints":{"allow":["GET"]}}],"collection":[{"href":"https:\/\/wbcsdpublications.org\/scf\/wp-json\/wp\/v2\/pages"}],"about":[{"href":"https:\/\/wbcsdpublications.org\/scf\/wp-json\/wp\/v2\/types\/page"}],"author":[{"embeddable":true,"href":"https:\/\/wbcsdpublications.org\/scf\/wp-json\/wp\/v2\/users\/8"}],"replies":[{"embeddable":true,"href":"https:\/\/wbcsdpublications.org\/scf\/wp-json\/wp\/v2\/comments?post=4587"}],"version-history":[{"count":5,"href":"https:\/\/wbcsdpublications.org\/scf\/wp-json\/wp\/v2\/pages\/4587\/revisions"}],"predecessor-version":[{"id":4628,"href":"https:\/\/wbcsdpublications.org\/scf\/wp-json\/wp\/v2\/pages\/4587\/revisions\/4628"}],"up":[{"embeddable":true,"href":"https:\/\/wbcsdpublications.org\/scf\/wp-json\/wp\/v2\/pages\/4861"}],"wp:attachment":[{"href":"https:\/\/wbcsdpublications.org\/scf\/wp-json\/wp\/v2\/media?parent=4587"}],"curies":[{"name":"wp","href":"https:\/\/api.w.org\/{rel}","templated":true}]}}